 49*u**3/6 + 88*u**2 - 1991*u. Give z(-4).
-4
Let k(d) = -2*d**2 - 2*d - 1. Let o(b) = -1 - 7612*b - 7613*b - b**2 + 15224*b. Let n(j) = -6*k(j) + 14*o(j). Determine n(-4).
-32
Let f(k) be the third derivative of -k**6/120 + 11*k**5/60 - k**3/2 + 1661*k**2. What is f(11)?
-3
Let m(c) = c + 14. Suppose -6*v = -2*v - 20. Suppose -16 = -2*j - v*o + 8, -5*j = -o - 6. Suppose 2*b - 3*b - j*b = 0. What is m(b)?
14
Let c(h) be the third derivative of 0 + 0*h + 0*h**3 - 1/360*h**6 + 1/24*h**5 + 4*h**2 + 5/4*h**4. Let f(q) be the second derivative of c(q). Determine f(4).
-3
Let a(m) = -3*m**3 - 1 + 4*m**3 + 54116*m - 54119*m. Calculate a(2).
1
Suppose -4*q = -0*r + 4*r, -8 = -5*r - q. Let m(t) = -3 + 0 - t + r. Let i(u) = -1676*u - 10062. Let g be i(-6). Determine m(g).
5
Let b(w) be the second derivative of -w**5/20 + 4*w**3/3 + 5*w**2/2 + 88*w + 5. What is b(3)?
2
Let b(t) be the second derivative of t**4/12 - t**3/2 + 2*t**2 - 6*t. Let r(u) = u**3 - 12*u**2 + 6*u + 28. Let q be r(11). Let y = -24 - q. Determine b(y).
4
Let k(y) be the third derivative of 0 - 26*y**2 - 1/240*y**6 + 1/15*y**5 + 0*y + 0*y**3 + 11/24*y**4. Let l(u) be the second derivative of k(u). Give l(6).
-10
Let q(o) = -o**3 - 12*o**2 - 11*o - 5. Suppose 3*x - 47 = -11. Suppose -x*j + 17*j = -55. What is q(j)?
-5
Suppose -3*l = t - 25 - 32, -2*t = 0. Let h(n) = -l*n - 2*n**2 + 6*n + 12*n. Determine h(-2).
-6
Let y be ((-60)/(-36))/(-3 - (-74)/24). Let g(f) = y*f + 32*f - 50*f + 4. Calculate g(7).
18
Let u(p) be the first derivative of -p**4/12 + 5*p**3/3 + 3*p**2/2 + 17*p - 38. Let b(v) be the first derivative of u(v). What is b(11)?
-8
Let p(w) be the first derivative of -w**5/60 + w**4/4 - 5*w**3/6 - 87*w**2/2 + 82. Let l(k) be the second derivative of p(k). What is l(5)?
0
Let v = 368 - 362. Let r(z) = 7 - v + 171*z - 168*z. Calculate r(0).
1
Let d = -3517 + 3519. Let i(w) = 15*w**2 - 6*w - 1. Give i(d).
47
Let g(w) be the second derivative of w**4/12 - 13*w**3/6 + 9*w**2 - 873*w. Calculate g(10).
-12
Let q = -535 - -1190. Let l be 6/(-21) + q/(-35). Let p(g) = g**3 + 20*g**2 + 19*g - 2. Let y be p(l). Let d(s) = 2*s**3 + s**2 - s + 1. What is d(y)?
-9
Let f(v) be the first derivative of v**4/4 + 7*v**3/3 - v**2 - 9*v - 3013. Calculate f(-8).
-57
Let g(p) be the third derivative of 4*p**4/3 + 173*p**3/3 + p**2 - 10562. Determine g(-11).
-6
Let q(w) = -79 + 109*w**2 - w + 2*w**3 - 100*w**2 - 3*w**3 + 82. Let x(v) = -v**3 - 2*v**2. Let t be x(-3). Give q(t).
-6
Let x(k) be the third derivative of -k**8/6720 - k**7/252 + k**5/15 - 175*k**4/24 + 18*k**2 - 2. Let d(l) be the second derivative of x(l). Give d(-10).
8
Let t = -1577 + 1574. Let g(w) be the first derivative of w**5/24 + w**4/24 + w**3 - 5. Let k(a) be the third derivative of g(a). Give k(t).
-14
Let m(k) = k**3 - 4*k**2 - 5*k + 4. Let f be m(5). Suppose 16 = -f*y, -y - 3 = b - 0*y. Let n(h) = -20*h**2 + 10 - 5 + 29*h**2 - 2 - 4 + h. Give n(b).
9
Let r(o) = 1273 + 12*o + 1321 - 2513. Calculate r(-6).
9
Let b(c) be the third derivative of -c**6/120 - 7*c**5/30 - c**4 - 11*c**3/6 + 170*c**2. Determine b(-12).
-11
Let a(h) = 71*h**3 - 2*h**2 - h. Suppose 9*d + 83 - 37 - 37 = 0. Calculate a(d).
-72
Let i(y) be the second derivative of -y**5/20 + 2*y**4/3 - y**3 + 2*y**2 - 33*y. Let x(r) = 6*r**2 - 9*r + 4. Let f be x(5). Let q = f - 102. Give i(q).
11
Let t = -6461 - -6447. Let y(c) = 2*c + 26. Determine y(t).
-2
Let h = 6 - 6. Let c(l) = 3*l - l**2 - 6*l - 2*l + h*l**2. Determine c(-8).
-24
Let z(q) = -q**3 + 4*q**2 + 3*q - 6. Let j(p) = -131*p**3 - p**2 - p. Let s be j(-1). Suppose -6*x - s = -4*c - x, 4*c - 2*x = 146. Let a = -35 + c. Give z(a).
6
Let d = 996 + -996. Let h(g) be the third derivative of g**5/60 + 17*g**3/6 - 163*g**2. Give h(d).
17
Let y(z) = 37*z + 1166. Let k(q) = -38*q - 1369. Let b(j) = 5*k(j) + 6*y(j). Determine b(-5).
-9
Let i(z) be the third derivative of -z**5/60 - z**4/3 - 4*z**3/3 - 18*z**2. Let o be 3 - (-8)/32*4*-10. Give i(o).
-1
Let x(p) be the second derivative of -p**5/20 + 5*p**4/6 - 13*p**3/6 + 4*p**2 - 30*p. What is x(8)?
32
Let k(x) = x**3 - x**2 + x - 1. Let p(o) = o**3 - 9*o**2 + 12*o - 9. Let t(b) = -2*k(b) + p(b). Suppose -43*j - 406 = 71*j + 506. Calculate t(j).
-23
Let a(h) = -h - 4*h - 7 + 2*h**2 + 10. Let j(b) = b**3 + 6*b**2 - 9*b - 11. Let w = 26 - 33. Let c be j(w). What is a(c)?
6
Let y be (0 + 2 + 8)/(13 - 15). Let s(a) = -4*a**3 + 4*a - 18. Let k(t) = 7*t**3 - 7*t + 35. Let d(r) = y*s(r) - 3*k(r). What is d(0)?
-15
Let c(d) = 2*d**2 - 20*d + 2*d**2 - 9*d - 3*d**2 + 29*d - 2. Let w(h) = -h**2 + 4*h + 7. Let p be w(6). Determine c(p).
23
Let k(l) = -l**2 + 1. Let g be (-3)/2 - (-21)/14. Let a be k(g). Let h(c) = -33*c - 1. What is h(a)?
-34
Let w(k) = 26*k**2 + 51*k + 302. Let q be w(-7). Let u = q - 1218. Let p(r) be the first derivative of 3*r**4/2 - 2*r**3/3 + r + 1. Give p(u).
5
Let g(k) = k**3 - 3*k**2 - k + 7. Let i(n) = -2*n**3 + 6*n**2 + n - 15. Let m(l) = 7*g(l) + 3*i(l). What is m(4)?
4
Let g(k) = 3*k**2 + k - 1. Let l = -124 - -128. Suppose -x + m - l = -1, 0 = -x - 3*m - 3. Calculate g(x).
23
Let s(k) = k + 15. Let l be s(-25). Let b be (4/(-7))/(l/35). Let c = 1 + b. Let o(t) = -2*t**2 + 1. Calculate o(c).
-17
Let q = -4321 - -4326. Let j(b) = -b**3 - 3*b**2 + 2. Let t(p) = -p**3 + p**2 + 1. Let h(o) = -j(o) + 2*t(o). What is h(q)?
0
Let a(p) = 3*p**2 + 27*p + 61. Let n be 1296/(-504) + (-3)/7. What is a(n)?
7
Let j(c) = 9*c - 5. Let d(n) = 10*n - 5. Let q(u) = -4*d(u) + 5*j(u). Let a(x) = 8*x**2 - 60*x - 57. Let v be a(-1). What is q(v)?
50
Let q(f) = 2*f. Let w(y) = -y. Let p(j) = 4*q(j) + 2*w(j). Suppose 14 = 6*m - 4. What is p(m)?
18
Let d(z) = -z**2 - z - 10. Suppose -12*x + 154*x - 16*x = -80*x. Determine d(x).
-10
Let y(c) be the third derivative of c**4/4 + 13*c**3/6 - c**2 - 673. Calculate y(-2).
1
Let g(v) = v**2 - 32*v + 17. Suppose 0 = -5*o + 3*o - 4*d + 76, -2*d - 58 = -2*o. Give g(o).
17
Let w(q) = -8*q**2 + 1. Suppose -8*k + 5*k = -18. Suppose a = 0, k*n - 5*a = 5*n. Suppose 3*b + 3 = n, 1 = -2*h + b + 4. What is w(h)?
-7
Let x(b) = -6*b**2 + 7*b + 7. Suppose -k = 3*l - 2, -3*l - 111*k + 17 = -107*k. Give x(l).
-6
Let f be -3*(-2)/4*(-1210)/363. Let b(u) = u**3 + 5*u**2 + 3*u + 22. What is b(f)?
7
Let o(r) be the third derivative of -r**5/20 + r**4/6 + r**3/3 - 175*r**2. Give o(-1).
-5
Let f(z) = z**3 + 3*z + 45. Let r(x) = x**2 + 141*x - 1036. Let p be r(7). What is f(p)?
45
Suppose 5*r + r - 24 = 0. Suppose 3*m = -g + 55, 4*m + 169 = r*g - 3. Suppose -g = -5*i - 1. Let v(d) = d**3 - 10*d**2 + 9*d - 2. Determine v(i).
-2
Let m(w) = -w**3 - w**2 - w - 17. Let g = 45 - 33. Suppose -5*r + 3*k + g = 0, 2*r - 5*k - 20 = -3*r. Give m(r).
-17
Let z be 18/(-24) - (-189)/28. Let r(p) = -7 + 2*p - 7*p + z*p. What is r(0)?
-7
Let u(y) = y - 10. Let r(m) = m**2 - 7*m - 86. Let z(k) = -4*k**2 - 25*k - 31. Let b be z(-5). Let q be r(b). Give u(q).
-18
Let x(u) = -2*u - 4*u**2 + 10*u**2 + 2*u. Let c = -4182 - -4184. Give x(c).
24
Suppose -5*a + 0*a - 40 = -3*t, 2*t - 5*a = 35. Let m(b) = 2 + b**2 + 4 + 190*b - 195*b. Calculate m(t).
6
Suppose 24*u + 37*u + 430 - 3 = 0. Let m(r) = -r**2 + r + 58. Calculate m(u).
2
Let o(l) = l**2 - l - 2. Let f(k) = -k**3 + 6*k**2 + 3*k + 11. Let d be f(6). Let r be (1 + d)*(-3 - 9/(-2)). Let b be -3*6/r*-5. Calculate o(b).
0
Let i(f) be the second derivative of f**6/360 - f**5/30 + 47*f**4/6 + 44*f. Let r(h) be the third derivative of i(h). Suppose 3*a = -1 + 13. What is r(a)?
4
Let c(q) = -14*q**3 - 18*q**2 + 12*q - 94. Let a(o) = -5*o**3 - 6*o**2 + 4*o - 32. Let k(p) = 17*a(p) - 6*c(p). Calculate k(6).
-4
Suppose 6 = -7*m + 9*m. Let w be 116/28 - m/21. Suppose 18 = 3*b + r + w*r, 3*b = r + 18. Let l(s) = -2*s + 9. Determine l(b).
-3
Let d(i) be the second derivative of -i**4/6 - 3*i**3/2 - 3*i**2 - 2*i + 533. Determine d(-5).
-11
Let g(m) = -7*m**2 + 1. Let t be g(1). Let q(o) = o**2 + 2*o - 8. Let u be q(t). Let b(j) = -33 + 2*j + 18 - j + u. What is b(-8)?
-7
Let b(z) = -2*z + 16. Let q be 12/8*8/6. Suppose -4*u + 54 = -q*t, -7*u + 3*t + 16 = -6*u. What is b(u)?
-10
Suppose 0 = -36*m + 35*m + 2*l - 3, m + 5*l = 25. Let j(g) = -g**3 + 4*g**2 + 3*g - 4. What is j(m)?
-14
Let i(c) be the third derivative of -c**5/60 - c**